{"id":146151,"date":"2021-01-15T10:53:16","date_gmt":"2021-01-15T10:53:16","guid":{"rendered":"https:\/\/codengine3.ch\/?product=import-placeholder-for-208451"},"modified":"2025-06-05T15:52:21","modified_gmt":"2025-06-05T13:52:21","slug":"die-linie-unter-dem-blau-des-himmels-via-alta-della-verzasca-sotto-la-linea-dellazzurro","status":"publish","type":"product","link":"https:\/\/pizbube.ch\/en\/shop\/die-linie-unter-dem-blau-des-himmels-via-alta-della-verzasca-sotto-la-linea-dellazzurro\/","title":{"rendered":"Die Linie unter dem Blau des Himmels &#8211; Via Alta della Verzasca &#8211; Sotto la linea dell`azzurro"},"content":{"rendered":"<p>Mit der Einweihung im Jahr 2010 der f\u00fcnften Bergh\u00fctte auf Alp Cornav\u00f2sa wurden<br \/>\nalle Etappenziele der Via Alta della Verzasca erf\u00fcllt. Jetzt kann der<br \/>\nerfahrene Bergg\u00e4nger ein herrliches 4\/5-t\u00e4giges Trekking machen, das dem<br \/>\nmajest\u00e4tischen Berggrat auf der Wasserscheide zwischen dem Verzascatal und den<br \/>\nBezirken Riviera und Leventina entlang durch eine kontrastreiche, unber\u00fchrte<br \/>\nLandschaft f\u00fchrt. Die Via Alta reicht von den engen Talsohlen bis hinauf zum<br \/>\nweiten, offenen Raum der Berggipfel, mit atemberaubenden Aussichten und einer<br \/>\neinmaligen, faszinierenden Pflanzen- und Tierwelt.<\/p>\n<p>Der gut markierte Weg erlaubt es, mehrere der sch\u00f6nsten Gipfel des Tessins zu<br \/>\nerreichen, z.B. der Pizzo Vogorno, hoch \u00fcber dem Lago Maggiore, der<br \/>\nmajest\u00e4tische und unverwechselbare Poncione Rosso oder der Pizzo Barone, der<br \/>\nh\u00f6chste Gipfel im Verzascatal. Die Via Alta verl\u00e4uft entlang der Grate kleiner<br \/>\nSeitent\u00e4ler, die wie wertvolle, vergessene Schmuckst\u00fccke daliegen: das Porta-,<br \/>\nCarecchio-, Pincascia-, Agro-, Efra- und Vegorn\u00e8sstal. Die Via Alta della<br \/>\nVerzasca wurde als erste weissblaue Route mit hohem Schwierigkeitsgrad in den<br \/>\nAlpen anerkannt und unter die attraktivsten Gratwege der Schweiz eingestuft.<\/p>\n<p>3. Auflage 2024<\/p>\n<p>&nbsp;<\/p>\n<p>Un libro con stupende immagini a colori (foto realizzate da Roberto Buzzini) e<br \/>\ntesti che presentano le particolarit\u00e0 della via alta, ma anche testimonianze<br \/>\ndel passato e della dura vita alpigiana dei nostri avi, (testi realizzati da<br \/>\nRomano Venziani). Questa pubblicazione presenta la Via Alta della Valle<br \/>\nVerzasca che \u00e8 stata classificata come una delle pi\u00f9 bellevie in cresta della<br \/>\nSvizzera.La maestosa cresta spartiacque tra Verzasca, Riviera e Leventina<br \/>\npermette all\u2019amante della montagna di percorrere un trekking di 4\/5 giorni<br \/>\nattraverso un paesaggio incontaminato e dai grandi contrasti. Una via alta che<br \/>\nabbellisce come un prezioso gioiello la Verzasca \u00abValle-smeraldo\u00bb del Ticino.<\/p>\n<p>La complessa realizzazione del percorso alpino e di questo libro che fissa su<br \/>\ncarta le sue particolarit\u00e0, ha favorito la riscoperta del versante sinistro<br \/>\ndella Verzasca, e del suo binomio: natura-cultura. Un via \u00abalta\u00bb davvero,<br \/>\nperch\u00e9 cammina sulle creste, panorami vasti e solari sui laghi e sulla<br \/>\npianura, ma anche su un groviglio di cime prealpine, ardite e mansuete, sul<br \/>\nfilo delle creste si camminava con prudenza, mentre gli occhi e anche il cuore<br \/>\nsono catturati dalla contemplazione. Un libro che affascina per le belle<br \/>\nimmagini ma che fa ritornare indietro nel tempo grazie alle foto storiche ed<br \/>\nai testi-testimonianze del passato.<\/p>\n<p>3. ediz. 2024<\/p>","protected":false},"excerpt":{"rendered":"<ul>\n<li><strong><a href=\"https:\/\/pizbube.ch\/wp-content\/uploads\/attachments\/a_030\/DEC59509C5303E16539F34405DAB0260.pdf\" target=\"_blank\" rel=\"noopener\">PDF: Via alta della Verzasca_Leseprobe<\/a><\/strong><strong><br \/>\n<\/strong><\/li>\n<\/ul>","protected":false},"featured_media":168649,"template":"","meta":[],"product_brand":[],"product_cat":[21542],"product_tag":[],"class_list":{"0":"post-146151","1":"product","2":"type-product","3":"status-publish","4":"has-post-thumbnail","6":"product_cat-sachbuecher-dokumentationen","7":"pa_autor-venziani-buzzini","8":"pa_erscheinungsjahr-27339","9":"pa_region-schweiz","10":"pa_sprache-de-it","12":"first","13":"instock","14":"taxable","15":"shipping-taxable","16":"purchasable","17":"product-type-simple"},"_links":{"self":[{"href":"https:\/\/pizbube.ch\/en\/wp-json\/wp\/v2\/product\/146151","targetHints":{"allow":["GET"]}}],"collection":[{"href":"https:\/\/pizbube.ch\/en\/wp-json\/wp\/v2\/product"}],"about":[{"href":"https:\/\/pizbube.ch\/en\/wp-json\/wp\/v2\/types\/product"}],"wp:featuredmedia":[{"embeddable":true,"href":"https:\/\/pizbube.ch\/en\/wp-json\/wp\/v2\/media\/168649"}],"wp:attachment":[{"href":"https:\/\/pizbube.ch\/en\/wp-json\/wp\/v2\/media?parent=146151"}],"wp:term":[{"taxonomy":"product_brand","embeddable":true,"href":"https:\/\/pizbube.ch\/en\/wp-json\/wp\/v2\/product_brand?post=146151"},{"taxonomy":"product_cat","embeddable":true,"href":"https:\/\/pizbube.ch\/en\/wp-json\/wp\/v2\/product_cat?post=146151"},{"taxonomy":"product_tag","embeddable":true,"href":"https:\/\/pizbube.ch\/en\/wp-json\/wp\/v2\/product_tag?post=146151"}],"curies":[{"name":"wp","href":"https:\/\/api.w.org\/{rel}","templated":true}]}}

<p>Mit der Einweihung im Jahr 2010 der fünften Berghütte auf Alp Cornavòsa wurden<br />
alle Etappenziele der Via Alta della Verzasca erfüllt. Jetzt kann der<br />
erfahrene Berggänger ein herrliches 4/5-tägiges Trekking machen, das dem<br />
majestätischen Berggrat auf der Wasserscheide zwischen dem Verzascatal und den<br />
Bezirken Riviera und Leventina entlang durch eine kontrastreiche, unberührte<br />
Landschaft führt. Die Via Alta reicht von den engen Talsohlen bis hinauf zum<br />
weiten, offenen Raum der Berggipfel, mit atemberaubenden Aussichten und einer<br />
einmaligen, faszinierenden Pflanzen- und Tierwelt.</p>
<p>Der gut markierte Weg erlaubt es, mehrere der schönsten Gipfel des Tessins zu<br />
erreichen, z.B. der Pizzo Vogorno, hoch über dem Lago Maggiore, der<br />
majestätische und unverwechselbare Poncione Rosso oder der Pizzo Barone, der<br />
höchste Gipfel im Verzascatal. Die Via Alta verläuft entlang der Grate kleiner<br />
Seitentäler, die wie wertvolle, vergessene Schmuckstücke daliegen: das Porta-,<br />
Carecchio-, Pincascia-, Agro-, Efra- und Vegornèsstal. Die Via Alta della<br />
Verzasca wurde als erste weissblaue Route mit hohem Schwierigkeitsgrad in den<br />
Alpen anerkannt und unter die attraktivsten Gratwege der Schweiz eingestuft.</p>
<p>3. Auflage 2024</p>
<p>&nbsp;</p>
<p>Un libro con stupende immagini a colori (foto realizzate da Roberto Buzzini) e<br />
testi che presentano le particolarità della via alta, ma anche testimonianze<br />
del passato e della dura vita alpigiana dei nostri avi, (testi realizzati da<br />
Romano Venziani). Questa pubblicazione presenta la Via Alta della Valle<br />
Verzasca che è stata classificata come una delle più bellevie in cresta della<br />
Svizzera.La maestosa cresta spartiacque tra Verzasca, Riviera e Leventina<br />
permette all’amante della montagna di percorrere un trekking di 4/5 giorni<br />
attraverso un paesaggio incontaminato e dai grandi contrasti. Una via alta che<br />
abbellisce come un prezioso gioiello la Verzasca «Valle-smeraldo» del Ticino.</p>
<p>La complessa realizzazione del percorso alpino e di questo libro che fissa su<br />
carta le sue particolarità, ha favorito la riscoperta del versante sinistro<br />
della Verzasca, e del suo binomio: natura-cultura. Un via «alta» davvero,<br />
perché cammina sulle creste, panorami vasti e solari sui laghi e sulla<br />
pianura, ma anche su un groviglio di cime prealpine, ardite e mansuete, sul<br />
filo delle creste si camminava con prudenza, mentre gli occhi e anche il cuore<br />
sono catturati dalla contemplazione. Un libro che affascina per le belle<br />
immagini ma che fa ritornare indietro nel tempo grazie alle foto storiche ed<br />
ai testi-testimonianze del passato.</p>
<p>3. ediz. 2024</p>
