{"id":147676,"date":"2021-01-15T10:55:48","date_gmt":"2021-01-15T10:55:48","guid":{"rendered":"https:\/\/codengine3.ch\/?product=import-placeholder-for-200256"},"modified":"2023-07-25T10:13:23","modified_gmt":"2023-07-25T08:13:23","slug":"meine-glueckseligkeit-an-der-grenze-zum-tod","status":"publish","type":"product","link":"https:\/\/pizbube.ch\/en\/shop\/meine-glueckseligkeit-an-der-grenze-zum-tod\/","title":{"rendered":"Meine Gl\u00fcckseligkeit an der Grenze zum Tod"},"content":{"rendered":"<p>Traum und Albtraum auf den h\u00f6chsten Bergen der Welt<\/p>\n<p>Die junge S\u00fcdtiroler Alpinistin Tamara Lunger erz\u00e4hlt in ihrem ersten Buch von<br \/>\nihrer au\u00dfergew\u00f6hnlichen Leidenschaft zu den Bergen, vom Sport, der f\u00fcr sie ein<br \/>\nzentrales Element in ihrem Leben darstellt und von ihrer Kindheit in S\u00fcdtirol,<br \/>\ndie sie in ihrer sp\u00e4teren Entwicklung sehr stark gepr\u00e4gt hat.<\/p>\n<p>Ihre selbstlose Entscheidung, bei der Winterbesteigung des Nanga Parbat auf<br \/>\nihr Gef\u00fchl zu achten und &#8211; ungeachtet des zum Greifen nahen Erfolgs &#8211; kurz vor<br \/>\ndem Gipfel kehrtzumachen, bringt ihr mediale und gesellschaftliche Beachtung<br \/>\nund Respekt ein. Sie erh\u00e4lt dadurch auch in gewisser Weise eine Art<br \/>\ngesellschaftliche Vorbildfunktion v.a. f\u00fcr die j\u00fcngere Generation, die eigenen<br \/>\nZiele nicht auf Biegen und Brechen durchzusetzen, sondern auf sich und die<br \/>\ninnere Stimme zu h\u00f6ren.<\/p>\n<p>Tamara Lunger (geb. 1986 in Bozen) ist eine der st\u00e4rksten Alpinistinnen der<br \/>\nWelt. Von klein auf hat sie Wettkampfsport praktiziert; im Jahre 2008 hat sie<br \/>\ndie Weltmeisterschaften im Skibergsteigen in der Altersklasse unter 23<br \/>\ngewonnen. Immer schon hat sie davon getr\u00e4umt, auf Achttausender zu klettern.<br \/>\n2010 hat sie den Lhotse, 8516 m, bestiegen und 2014 folgte der K2, 8609 m.<br \/>\n2016 versuchte sie zusammen mit Simone Moro eine Winterbesteigung des Nanga<br \/>\nParbat; ganze 70 H\u00f6henmeter unterhalb des Gipfels entschied sie sich,<br \/>\naufzugeben.<\/p>","protected":false},"excerpt":{"rendered":"<p>Traum und Albtraum auf den h\u00f6chsten Bergen der Welt Die junge S\u00fcdtiroler Alpinistin Tamara Lunger erz\u00e4hlt in ihrem ersten Buch von ihrer au\u00dfergew\u00f6hnlichen Leidenschaft zu den Bergen, vom Sport, der f\u00fcr sie ein zentrales Element in ihrem Leben darstellt und von ihrer Kindheit in S\u00fcdtirol, die sie in ihrer sp\u00e4teren Entwicklung sehr stark gepr\u00e4gt hat. [&#8230;]\n","protected":false},"featured_media":26378,"template":"","meta":[],"product_brand":[],"product_cat":[21542],"product_tag":[],"class_list":{"0":"post-147676","1":"product","2":"type-product","3":"status-publish","4":"has-post-thumbnail","6":"product_cat-sachbuecher-dokumentationen","7":"pa_autor-lunger","8":"pa_erscheinungsjahr-21574","9":"pa_region-italien","10":"pa_sprache-de","12":"first","13":"outofstock","14":"taxable","15":"shipping-taxable","16":"purchasable","17":"product-type-simple"},"_links":{"self":[{"href":"https:\/\/pizbube.ch\/en\/wp-json\/wp\/v2\/product\/147676","targetHints":{"allow":["GET"]}}],"collection":[{"href":"https:\/\/pizbube.ch\/en\/wp-json\/wp\/v2\/product"}],"about":[{"href":"https:\/\/pizbube.ch\/en\/wp-json\/wp\/v2\/types\/product"}],"wp:featuredmedia":[{"embeddable":true,"href":"https:\/\/pizbube.ch\/en\/wp-json\/wp\/v2\/media\/26378"}],"wp:attachment":[{"href":"https:\/\/pizbube.ch\/en\/wp-json\/wp\/v2\/media?parent=147676"}],"wp:term":[{"taxonomy":"product_brand","embeddable":true,"href":"https:\/\/pizbube.ch\/en\/wp-json\/wp\/v2\/product_brand?post=147676"},{"taxonomy":"product_cat","embeddable":true,"href":"https:\/\/pizbube.ch\/en\/wp-json\/wp\/v2\/product_cat?post=147676"},{"taxonomy":"product_tag","embeddable":true,"href":"https:\/\/pizbube.ch\/en\/wp-json\/wp\/v2\/product_tag?post=147676"}],"curies":[{"name":"wp","href":"https:\/\/api.w.org\/{rel}","templated":true}]}}

Meine Glückseligkeit an der Grenze zum Tod

<p>Traum und Albtraum auf den höchsten Bergen der Welt</p>
<p>Die junge Südtiroler Alpinistin Tamara Lunger erzählt in ihrem ersten Buch von<br />
ihrer außergewöhnlichen Leidenschaft zu den Bergen, vom Sport, der für sie ein<br />
zentrales Element in ihrem Leben darstellt und von ihrer Kindheit in Südtirol,<br />
die sie in ihrer späteren Entwicklung sehr stark geprägt hat.</p>
<p>Ihre selbstlose Entscheidung, bei der Winterbesteigung des Nanga Parbat auf<br />
ihr Gefühl zu achten und &#8211; ungeachtet des zum Greifen nahen Erfolgs &#8211; kurz vor<br />
dem Gipfel kehrtzumachen, bringt ihr mediale und gesellschaftliche Beachtung<br />
und Respekt ein. Sie erhält dadurch auch in gewisser Weise eine Art<br />
gesellschaftliche Vorbildfunktion v.a. für die jüngere Generation, die eigenen<br />
Ziele nicht auf Biegen und Brechen durchzusetzen, sondern auf sich und die<br />
innere Stimme zu hören.</p>
<p>Tamara Lunger (geb. 1986 in Bozen) ist eine der stärksten Alpinistinnen der<br />
Welt. Von klein auf hat sie Wettkampfsport praktiziert; im Jahre 2008 hat sie<br />
die Weltmeisterschaften im Skibergsteigen in der Altersklasse unter 23<br />
gewonnen. Immer schon hat sie davon geträumt, auf Achttausender zu klettern.<br />
2010 hat sie den Lhotse, 8516 m, bestiegen und 2014 folgte der K2, 8609 m.<br />
2016 versuchte sie zusammen mit Simone Moro eine Winterbesteigung des Nanga<br />
Parbat; ganze 70 Höhenmeter unterhalb des Gipfels entschied sie sich,<br />
aufzugeben.</p>

<p>Traum und Albtraum auf den höchsten Bergen der Welt Die junge Südtiroler Alpinistin Tamara Lunger erzählt in ihrem ersten Buch von ihrer außergewöhnlichen Leidenschaft zu den Bergen, vom Sport, der für sie ein zentrales Element in ihrem Leben darstellt und von ihrer Kindheit in Südtirol, die sie in ihrer späteren Entwicklung sehr stark geprägt hat. [&#8230;]
