{"id":148298,"date":"2021-01-15T10:57:02","date_gmt":"2021-01-15T10:57:02","guid":{"rendered":"https:\/\/codengine3.ch\/?product=import-placeholder-for-203982"},"modified":"2022-08-20T15:25:22","modified_gmt":"2022-08-20T13:25:22","slug":"provence","status":"publish","type":"product","link":"https:\/\/pizbube.ch\/en\/shop\/provence\/","title":{"rendered":"Provence &#8211; zwischen Ard\u00e8che und Verdonschlucht"},"content":{"rendered":"<p>Dieser Wanderf\u00fchrer, einer der ersten zur Region zwischen Ard\u00e8che und Verdon,<br \/>\nMont Ventoux und Calanques, vermittelt eine bunte Palette von<br \/>\nTourenm\u00f6glichkeiten, die jedem Geschmack gerecht werden: Wanderklassiker, die<br \/>\njeder Provencebesucher machen sollte, werden ebenso vorgestellt wie einsame<br \/>\nWege, die man noch als Geheimtip bezeichnen kann.<\/p>\n<p>F\u00fcr Familien mit Kindern bieten sich gem\u00fctliche Strandwanderungen in der<br \/>\nCamargue und abwechslungsreiche Wanderungen durch die W\u00e4lder und Weinberge im<br \/>\nHinterland an. Ambitioniertere Wanderer hingegen werden sich die<br \/>\nanspruchsvolleren Ausfl\u00fcge in die ber\u00fchmten Schluchten und auf die bis zu 2000<br \/>\nMeter hohen Gipfel nicht nehmen lassen.<\/p>\n<p>7. aktualis. Auflg.2018<\/p>","protected":false},"excerpt":{"rendered":"<p>Dieser Wanderf\u00fchrer, einer der ersten zur Region zwischen Ard\u00e8che und Verdon, Mont Ventoux und Calanques, vermittelt eine bunte Palette von Tourenm\u00f6glichkeiten, die jedem Geschmack gerecht werden: Wanderklassiker, die jeder Provencebesucher machen sollte, werden ebenso vorgestellt wie einsame Wege, die man noch als Geheimtip bezeichnen kann. F\u00fcr Familien mit Kindern bieten sich gem\u00fctliche Strandwanderungen in der [&#8230;]\n","protected":false},"featured_media":163270,"template":"","meta":[],"product_brand":[],"product_cat":[21605],"product_tag":[],"class_list":{"0":"post-148298","1":"product","2":"type-product","3":"status-publish","4":"has-post-thumbnail","6":"product_cat-wanderfuehrer-trekking","7":"pa_autor-rettstatt","8":"pa_erscheinungsjahr-21546","9":"pa_region-frankreich","10":"pa_sprache-de","12":"first","13":"instock","14":"taxable","15":"shipping-taxable","16":"purchasable","17":"product-type-simple"},"_links":{"self":[{"href":"https:\/\/pizbube.ch\/en\/wp-json\/wp\/v2\/product\/148298","targetHints":{"allow":["GET"]}}],"collection":[{"href":"https:\/\/pizbube.ch\/en\/wp-json\/wp\/v2\/product"}],"about":[{"href":"https:\/\/pizbube.ch\/en\/wp-json\/wp\/v2\/types\/product"}],"wp:featuredmedia":[{"embeddable":true,"href":"https:\/\/pizbube.ch\/en\/wp-json\/wp\/v2\/media\/163270"}],"wp:attachment":[{"href":"https:\/\/pizbube.ch\/en\/wp-json\/wp\/v2\/media?parent=148298"}],"wp:term":[{"taxonomy":"product_brand","embeddable":true,"href":"https:\/\/pizbube.ch\/en\/wp-json\/wp\/v2\/product_brand?post=148298"},{"taxonomy":"product_cat","embeddable":true,"href":"https:\/\/pizbube.ch\/en\/wp-json\/wp\/v2\/product_cat?post=148298"},{"taxonomy":"product_tag","embeddable":true,"href":"https:\/\/pizbube.ch\/en\/wp-json\/wp\/v2\/product_tag?post=148298"}],"curies":[{"name":"wp","href":"https:\/\/api.w.org\/{rel}","templated":true}]}}

Provence &#8211; zwischen Ardèche und Verdonschlucht

<p>Dieser Wanderführer, einer der ersten zur Region zwischen Ardèche und Verdon,<br />
Mont Ventoux und Calanques, vermittelt eine bunte Palette von<br />
Tourenmöglichkeiten, die jedem Geschmack gerecht werden: Wanderklassiker, die<br />
jeder Provencebesucher machen sollte, werden ebenso vorgestellt wie einsame<br />
Wege, die man noch als Geheimtip bezeichnen kann.</p>
<p>Für Familien mit Kindern bieten sich gemütliche Strandwanderungen in der<br />
Camargue und abwechslungsreiche Wanderungen durch die Wälder und Weinberge im<br />
Hinterland an. Ambitioniertere Wanderer hingegen werden sich die<br />
anspruchsvolleren Ausflüge in die berühmten Schluchten und auf die bis zu 2000<br />
Meter hohen Gipfel nicht nehmen lassen.</p>
<p>7. aktualis. Auflg.2018</p>

<p>Dieser Wanderführer, einer der ersten zur Region zwischen Ardèche und Verdon, Mont Ventoux und Calanques, vermittelt eine bunte Palette von Tourenmöglichkeiten, die jedem Geschmack gerecht werden: Wanderklassiker, die jeder Provencebesucher machen sollte, werden ebenso vorgestellt wie einsame Wege, die man noch als Geheimtip bezeichnen kann. Für Familien mit Kindern bieten sich gemütliche Strandwanderungen in der [&#8230;]
