{"id":150728,"date":"2021-01-15T11:03:09","date_gmt":"2021-01-15T11:03:09","guid":{"rendered":"https:\/\/codengine3.ch\/?product=import-placeholder-for-201060"},"modified":"2021-01-15T11:03:12","modified_gmt":"2021-01-15T11:03:12","slug":"mythologische-landeskunde-von-graubuenden-4","status":"publish","type":"product","link":"https:\/\/pizbube.ch\/en\/shop\/mythologische-landeskunde-von-graubuenden-4\/","title":{"rendered":"Mythologische Landeskunde von Graub\u00fcnden 4"},"content":{"rendered":"<p>Register und Nachwort.<br \/>\nDer Aargauer Bezirksschulrektor Arnold B\u00fcchli (1855-1970) begann in den 1930er<br \/>\nJahren- vorerst w\u00e4hrend der Ferien, nach 1942 als Berufsfolklorist- im Kanton<br \/>\nGraub\u00fcnden Volkserz\u00e4hlungen zu sammeln.<br \/>\nDie &#8218;Mythologische Landeskunde von Graub\u00fcnden&#8216; ist die erste schweizerische<br \/>\nVolkserz\u00e4hlsammlung, in welcher Pers\u00f6nlichkeit und individuelle Kreativit\u00e4t<br \/>\nder Erz\u00e4hler und Erz\u00e4hlerinnen ins Zentrum ger\u00fcckt werden. Dies \u00e4ussert sich<br \/>\nnicht nur in der Anordnung der Texte nach den Wohnorten der Gew\u00e4hrsleute,<br \/>\nsondern auch in der Beschreibung ihrer Lebensumst\u00e4nde.<br \/>\nBei seinen Befragungen konzentrierte sich B\u00fcchli auf die Sage, nahm aber auch<br \/>\nM\u00e4rchen, Legenden, Schw\u00e4nke, R\u00e4tsel, Sprichw\u00f6rter, Gebete, Lieder,<br \/>\nGrussformeln, Bauern- und Wetterregeln, volksmedizinische Praktiken und<br \/>\nBrauchschilderungen auf. Ein alle drei B\u00e4nde umfassender Registerband (1992<br \/>\nerschienen) erm\u00f6glicht das Auffinden weit auseinander liegender Motive und<br \/>\nSachgruppen.<\/p>","protected":false},"excerpt":{"rendered":"<p>Register und Nachwort. Der Aargauer Bezirksschulrektor Arnold B\u00fcchli (1855-1970) begann in den 1930er Jahren- vorerst w\u00e4hrend der Ferien, nach 1942 als Berufsfolklorist- im Kanton Graub\u00fcnden Volkserz\u00e4hlungen zu sammeln. Die &#8218;Mythologische Landeskunde von Graub\u00fcnden&#8216; ist die erste schweizerische Volkserz\u00e4hlsammlung, in welcher Pers\u00f6nlichkeit und individuelle Kreativit\u00e4t der Erz\u00e4hler und Erz\u00e4hlerinnen ins Zentrum ger\u00fcckt werden. Dies \u00e4ussert sich [&#8230;]\n","protected":false},"featured_media":28213,"template":"","meta":[],"product_brand":[],"product_cat":[21580],"product_tag":[],"class_list":{"0":"post-150728","1":"product","2":"type-product","3":"status-publish","4":"has-post-thumbnail","6":"product_cat-kunst-kultur","7":"pa_autor-buechli","8":"pa_erscheinungsjahr-22246","9":"pa_region-schweiz","10":"pa_sprache-de","12":"first","13":"instock","14":"taxable","15":"shipping-taxable","16":"purchasable","17":"product-type-simple"},"_links":{"self":[{"href":"https:\/\/pizbube.ch\/en\/wp-json\/wp\/v2\/product\/150728","targetHints":{"allow":["GET"]}}],"collection":[{"href":"https:\/\/pizbube.ch\/en\/wp-json\/wp\/v2\/product"}],"about":[{"href":"https:\/\/pizbube.ch\/en\/wp-json\/wp\/v2\/types\/product"}],"wp:featuredmedia":[{"embeddable":true,"href":"https:\/\/pizbube.ch\/en\/wp-json\/wp\/v2\/media\/28213"}],"wp:attachment":[{"href":"https:\/\/pizbube.ch\/en\/wp-json\/wp\/v2\/media?parent=150728"}],"wp:term":[{"taxonomy":"product_brand","embeddable":true,"href":"https:\/\/pizbube.ch\/en\/wp-json\/wp\/v2\/product_brand?post=150728"},{"taxonomy":"product_cat","embeddable":true,"href":"https:\/\/pizbube.ch\/en\/wp-json\/wp\/v2\/product_cat?post=150728"},{"taxonomy":"product_tag","embeddable":true,"href":"https:\/\/pizbube.ch\/en\/wp-json\/wp\/v2\/product_tag?post=150728"}],"curies":[{"name":"wp","href":"https:\/\/api.w.org\/{rel}","templated":true}]}}

Mythologische Landeskunde von Graubünden 4

<p>Register und Nachwort.<br />
Der Aargauer Bezirksschulrektor Arnold Büchli (1855-1970) begann in den 1930er<br />
Jahren- vorerst während der Ferien, nach 1942 als Berufsfolklorist- im Kanton<br />
Graubünden Volkserzählungen zu sammeln.<br />
Die &#8218;Mythologische Landeskunde von Graubünden&#8216; ist die erste schweizerische<br />
Volkserzählsammlung, in welcher Persönlichkeit und individuelle Kreativität<br />
der Erzähler und Erzählerinnen ins Zentrum gerückt werden. Dies äussert sich<br />
nicht nur in der Anordnung der Texte nach den Wohnorten der Gewährsleute,<br />
sondern auch in der Beschreibung ihrer Lebensumstände.<br />
Bei seinen Befragungen konzentrierte sich Büchli auf die Sage, nahm aber auch<br />
Märchen, Legenden, Schwänke, Rätsel, Sprichwörter, Gebete, Lieder,<br />
Grussformeln, Bauern- und Wetterregeln, volksmedizinische Praktiken und<br />
Brauchschilderungen auf. Ein alle drei Bände umfassender Registerband (1992<br />
erschienen) ermöglicht das Auffinden weit auseinander liegender Motive und<br />
Sachgruppen.</p>

<p>Register und Nachwort. Der Aargauer Bezirksschulrektor Arnold Büchli (1855-1970) begann in den 1930er Jahren- vorerst während der Ferien, nach 1942 als Berufsfolklorist- im Kanton Graubünden Volkserzählungen zu sammeln. Die &#8218;Mythologische Landeskunde von Graubünden&#8216; ist die erste schweizerische Volkserzählsammlung, in welcher Persönlichkeit und individuelle Kreativität der Erzähler und Erzählerinnen ins Zentrum gerückt werden. Dies äussert sich [&#8230;]
