{"id":164704,"date":"2022-11-29T12:02:32","date_gmt":"2022-11-29T11:02:32","guid":{"rendered":"https:\/\/pizbube.ch\/?post_type=product&#038;p=164704"},"modified":"2022-11-30T17:34:39","modified_gmt":"2022-11-30T16:34:39","slug":"rosablanche","status":"publish","type":"product","link":"https:\/\/pizbube.ch\/en\/shop\/rosablanche\/","title":{"rendered":"Rosablanche"},"content":{"rendered":"<p>Rosablanche, so hei\u00dft ein Gipfel in den Walliser Alpen. In seinem Erstlingswerk erz\u00e4hlt Matias Jolliet von einer einsamen Wanderung in die Berge.<\/p>\n<p>Es ist die Geschichte eines Aufbruchs. Nachdem er mit sich selbst gerungen hat, folgt der Erz\u00e4hler dem Ruf der Berge, l\u00e4sst seine Komfortzone, die Stadt mit ihrer allt\u00e4glichen Betriebsamkeit, hinter sich, um sich ganz der Einsamkeit, der Weite des Raumes, den Launen des Wetters und den Gefahren des alpinen Gel\u00e4ndes auszusetzen, sich von \u00e4u\u00dferen Zw\u00e4ngen zu befreien und in der Urspr\u00fcnglichkeit des Gebirges zu sich selbst zu finden. Mehr noch als von einer Bergbesteigung handelt der Roman von einer inneren Reise: der Berg als Lebensschule.<\/p>\n<p>Erz\u00e4hlung<br \/>\n112 Seiten<br \/>\nHardcover mit Schutzumschlag, Leseband<\/p>\n<p>Aus dem Franz\u00f6sischen von Walter Pf\u00e4ffli<\/p>","protected":false},"excerpt":{"rendered":"<p>Rosablanche, so hei\u00dft ein Gipfel in den Walliser Alpen. In seinem Erstlingswerk erz\u00e4hlt Matias Jolliet von einer einsamen Wanderung in die Berge. Es ist die Geschichte eines Aufbruchs. Nachdem er mit sich selbst gerungen hat, folgt der Erz\u00e4hler dem Ruf der Berge, l\u00e4sst seine Komfortzone, die Stadt mit ihrer allt\u00e4glichen Betriebsamkeit, hinter sich, um sich [&#8230;]\n","protected":false},"featured_media":164705,"template":"","meta":[],"product_brand":[],"product_cat":[21629],"product_tag":[],"class_list":{"0":"post-164704","1":"product","2":"type-product","3":"status-publish","4":"has-post-thumbnail","6":"product_cat-belletristik","7":"pa_autor-jolliet","8":"pa_erscheinungsjahr-27013","9":"pa_region-schweiz","10":"pa_sprache-de","12":"first","13":"instock","14":"taxable","15":"shipping-taxable","16":"purchasable","17":"product-type-simple"},"_links":{"self":[{"href":"https:\/\/pizbube.ch\/en\/wp-json\/wp\/v2\/product\/164704","targetHints":{"allow":["GET"]}}],"collection":[{"href":"https:\/\/pizbube.ch\/en\/wp-json\/wp\/v2\/product"}],"about":[{"href":"https:\/\/pizbube.ch\/en\/wp-json\/wp\/v2\/types\/product"}],"wp:featuredmedia":[{"embeddable":true,"href":"https:\/\/pizbube.ch\/en\/wp-json\/wp\/v2\/media\/164705"}],"wp:attachment":[{"href":"https:\/\/pizbube.ch\/en\/wp-json\/wp\/v2\/media?parent=164704"}],"wp:term":[{"taxonomy":"product_brand","embeddable":true,"href":"https:\/\/pizbube.ch\/en\/wp-json\/wp\/v2\/product_brand?post=164704"},{"taxonomy":"product_cat","embeddable":true,"href":"https:\/\/pizbube.ch\/en\/wp-json\/wp\/v2\/product_cat?post=164704"},{"taxonomy":"product_tag","embeddable":true,"href":"https:\/\/pizbube.ch\/en\/wp-json\/wp\/v2\/product_tag?post=164704"}],"curies":[{"name":"wp","href":"https:\/\/api.w.org\/{rel}","templated":true}]}}

<p>Rosablanche, so heißt ein Gipfel in den Walliser Alpen. In seinem Erstlingswerk erzählt Matias Jolliet von einer einsamen Wanderung in die Berge.</p>
<p>Es ist die Geschichte eines Aufbruchs. Nachdem er mit sich selbst gerungen hat, folgt der Erzähler dem Ruf der Berge, lässt seine Komfortzone, die Stadt mit ihrer alltäglichen Betriebsamkeit, hinter sich, um sich ganz der Einsamkeit, der Weite des Raumes, den Launen des Wetters und den Gefahren des alpinen Geländes auszusetzen, sich von äußeren Zwängen zu befreien und in der Ursprünglichkeit des Gebirges zu sich selbst zu finden. Mehr noch als von einer Bergbesteigung handelt der Roman von einer inneren Reise: der Berg als Lebensschule.</p>
<p>Erzählung<br />
112 Seiten<br />
Hardcover mit Schutzumschlag, Leseband</p>
<p>Aus dem Französischen von Walter Pfäffli</p>

<p>Rosablanche, so heißt ein Gipfel in den Walliser Alpen. In seinem Erstlingswerk erzählt Matias Jolliet von einer einsamen Wanderung in die Berge. Es ist die Geschichte eines Aufbruchs. Nachdem er mit sich selbst gerungen hat, folgt der Erzähler dem Ruf der Berge, lässt seine Komfortzone, die Stadt mit ihrer alltäglichen Betriebsamkeit, hinter sich, um sich [&#8230;]
