{"id":167486,"date":"2023-05-05T09:49:40","date_gmt":"2023-05-05T07:49:40","guid":{"rendered":"https:\/\/pizbube.ch\/?post_type=product&#038;p=167486"},"modified":"2023-05-05T10:01:06","modified_gmt":"2023-05-05T08:01:06","slug":"der-ruf-des-k2-die-tragoedie-meiner-winterexpedition-am-k2","status":"publish","type":"product","link":"https:\/\/pizbube.ch\/en\/shop\/der-ruf-des-k2-die-tragoedie-meiner-winterexpedition-am-k2\/","title":{"rendered":"Der Ruf des K2 &#8211; Die Trag\u00f6die meiner Winterexpedition am K2"},"content":{"rendered":"<div>\n<p>Der K2 ist der K\u00f6nig jener Giganten aus Eis und Fels, die auf unserer Erde am weitesten in den Himmel hinaufragen. Es ist nahezu unm\u00f6glich, sich seiner Faszination zu entziehen. Tamara Lunger, die wohl eine der st\u00e4rksten Bergsteigerinnen unserer Zeit ist, hatte den K2 bereits im Sommer des Jahres 2014 bestiegen. Nach einer Reihe traumatischer Erlebnisse, darunter die Pandemie, die \u00dcberwindung einer tiefen emotionalen Krise und der Schock, Simone Moro in eine Gletscherspalte des Gasherbrum st\u00fcrzen zu sehen, beschlie\u00dft sie, auf den K2 zur\u00fcckzukehren und dessen Erstbesteigung im Winter zu wagen.<\/p>\n<p>Dies hier ist das au\u00dfergew\u00f6hnlich Tagebuch dieser nervenaufreibenden und tragischen Expedition. Wie bei einer Live\u00fcbertragung erz\u00e4hlt Tamara vom anf\u00e4nglichen Enthusiasmus, aus dem zun\u00e4chst tiefe menschliche Bindungen zu ihren Berg- und Seilkameraden entstehen, von den unmenschliche M\u00fchen, der eisige K\u00e4lte und den immer wieder unvorhersehbaren Situationen, und schlie\u00dflich vom Tod, der f\u00fcnfmal direkt vor ihren Augen einen nach den anderen ihrer Kameraden und Freunde zu sich holt.<\/p>\n<p>Doch aus ihren Erz\u00e4hlungen geht auch hervor, wie sich Tamara inmitten all dieser Trag\u00f6dien und unter dem ewig vereisten Gipfel des K2 erstmals gezwungen sieht, sich pl\u00f6tzlich tiefgehend mit sich selbst auseinanderzusetzen. Und genau darin liegt die Erkenntnis des H\u00f6henbergsteigens: in der immensen Kraft und St\u00e4rke der Natur, neben der das menschliche Dasein zu einem unwichtigen Nichts verblasst. Niemals wird es uns wirklich gelingen, einen Berg zu bezwingen; es ist uns lediglich erlaubt, ihn zu respektieren. Im Gegenzug zeigt er uns, manchmal auf schreckliche und totbringende Weise, wer wir wirklich sind. Und genau so ist es Tamara Lunger ergangen.<\/p>\n<\/div>\n<div><\/div>\n<div class=\"views-field views-field-field-pages\"><span class=\"views-label views-label-field-pages\">Seiten: <\/span><span class=\"field-content\">192<\/span><\/div>\n<div class=\"views-field views-field-field-width\"><span class=\"views-label views-label-field-width\">Format: <\/span><span class=\"field-content\">150 x 225 mm<br \/>\n1. Auflage 2023<br \/>\n<\/span><\/div>","protected":false},"excerpt":{"rendered":"<p>Der K2 ist der K\u00f6nig jener Giganten aus Eis und Fels, die auf unserer Erde am weitesten in den Himmel hinaufragen. Es ist nahezu unm\u00f6glich, sich seiner Faszination zu entziehen. Tamara Lunger, die wohl eine der st\u00e4rksten Bergsteigerinnen unserer Zeit ist, hatte den K2 bereits im Sommer des Jahres 2014 bestiegen. Nach einer Reihe traumatischer [&#8230;]\n","protected":false},"featured_media":167487,"template":"","meta":[],"product_brand":[],"product_cat":[21629,21542],"product_tag":[],"class_list":{"0":"post-167486","1":"product","2":"type-product","3":"status-publish","4":"has-post-thumbnail","6":"product_cat-belletristik","7":"product_cat-sachbuecher-dokumentationen","8":"pa_autor-lunger","9":"pa_erscheinungsjahr-27129","10":"pa_region-asien","11":"pa_region-italien","12":"pa_sprache-de","14":"first","15":"instock","16":"taxable","17":"shipping-taxable","18":"purchasable","19":"product-type-simple"},"_links":{"self":[{"href":"https:\/\/pizbube.ch\/en\/wp-json\/wp\/v2\/product\/167486","targetHints":{"allow":["GET"]}}],"collection":[{"href":"https:\/\/pizbube.ch\/en\/wp-json\/wp\/v2\/product"}],"about":[{"href":"https:\/\/pizbube.ch\/en\/wp-json\/wp\/v2\/types\/product"}],"wp:featuredmedia":[{"embeddable":true,"href":"https:\/\/pizbube.ch\/en\/wp-json\/wp\/v2\/media\/167487"}],"wp:attachment":[{"href":"https:\/\/pizbube.ch\/en\/wp-json\/wp\/v2\/media?parent=167486"}],"wp:term":[{"taxonomy":"product_brand","embeddable":true,"href":"https:\/\/pizbube.ch\/en\/wp-json\/wp\/v2\/product_brand?post=167486"},{"taxonomy":"product_cat","embeddable":true,"href":"https:\/\/pizbube.ch\/en\/wp-json\/wp\/v2\/product_cat?post=167486"},{"taxonomy":"product_tag","embeddable":true,"href":"https:\/\/pizbube.ch\/en\/wp-json\/wp\/v2\/product_tag?post=167486"}],"curies":[{"name":"wp","href":"https:\/\/api.w.org\/{rel}","templated":true}]}}

Der Ruf des K2 &#8211; Die Tragödie meiner Winterexpedition am K2

<div>
<p>Der K2 ist der König jener Giganten aus Eis und Fels, die auf unserer Erde am weitesten in den Himmel hinaufragen. Es ist nahezu unmöglich, sich seiner Faszination zu entziehen. Tamara Lunger, die wohl eine der stärksten Bergsteigerinnen unserer Zeit ist, hatte den K2 bereits im Sommer des Jahres 2014 bestiegen. Nach einer Reihe traumatischer Erlebnisse, darunter die Pandemie, die Überwindung einer tiefen emotionalen Krise und der Schock, Simone Moro in eine Gletscherspalte des Gasherbrum stürzen zu sehen, beschließt sie, auf den K2 zurückzukehren und dessen Erstbesteigung im Winter zu wagen.</p>
<p>Dies hier ist das außergewöhnlich Tagebuch dieser nervenaufreibenden und tragischen Expedition. Wie bei einer Liveübertragung erzählt Tamara vom anfänglichen Enthusiasmus, aus dem zunächst tiefe menschliche Bindungen zu ihren Berg- und Seilkameraden entstehen, von den unmenschliche Mühen, der eisige Kälte und den immer wieder unvorhersehbaren Situationen, und schließlich vom Tod, der fünfmal direkt vor ihren Augen einen nach den anderen ihrer Kameraden und Freunde zu sich holt.</p>
<p>Doch aus ihren Erzählungen geht auch hervor, wie sich Tamara inmitten all dieser Tragödien und unter dem ewig vereisten Gipfel des K2 erstmals gezwungen sieht, sich plötzlich tiefgehend mit sich selbst auseinanderzusetzen. Und genau darin liegt die Erkenntnis des Höhenbergsteigens: in der immensen Kraft und Stärke der Natur, neben der das menschliche Dasein zu einem unwichtigen Nichts verblasst. Niemals wird es uns wirklich gelingen, einen Berg zu bezwingen; es ist uns lediglich erlaubt, ihn zu respektieren. Im Gegenzug zeigt er uns, manchmal auf schreckliche und totbringende Weise, wer wir wirklich sind. Und genau so ist es Tamara Lunger ergangen.</p>
</div>
<div></div>
<div class="views-field views-field-field-pages"><span class="views-label views-label-field-pages">Seiten: </span><span class="field-content">192</span></div>
<div class="views-field views-field-field-width"><span class="views-label views-label-field-width">Format: </span><span class="field-content">150 x 225 mm<br />
1. Auflage 2023<br />
</span></div>

<p>Der K2 ist der König jener Giganten aus Eis und Fels, die auf unserer Erde am weitesten in den Himmel hinaufragen. Es ist nahezu unmöglich, sich seiner Faszination zu entziehen. Tamara Lunger, die wohl eine der stärksten Bergsteigerinnen unserer Zeit ist, hatte den K2 bereits im Sommer des Jahres 2014 bestiegen. Nach einer Reihe traumatischer [&#8230;]
