{"id":186055,"date":"2026-09-04T16:44:47","date_gmt":"2026-09-04T14:44:47","guid":{"rendered":"https:\/\/pizbube.ch\/?post_type=product&#038;p=186055"},"modified":"2026-09-04T16:46:50","modified_gmt":"2026-09-04T14:46:50","slug":"agenda-montagne-2027","status":"publish","type":"product","link":"https:\/\/pizbube.ch\/en\/shop\/agenda-montagne-2027\/","title":{"rendered":"Agenda montagne 2027"},"content":{"rendered":"<p class=\"MuiTypography-root sc-bb6e17aa-0 jWRTvq MuiTypography-h6\">Les Alpes vues par Ji-Young Demol Park<\/p>\n<p>Un agenda qui invite chaque semaine \u00e0 contempler autrement les hauteurs, \u00e0 travers les aquarelles de l\u2019artiste Ji-Young Demol Park.<\/p>\n<p>L\u2019artiste sud-cor\u00e9enne Ji-Young Demol Park a deux ateliers. Le premier est immense puisqu\u2019il n\u2019est autre que les Alpes fran\u00e7aises et suisses\u00a0! Elle n\u2019arpente en effet jamais les massifs alpins sans ses carnets \u00e0 dessin et ses pinceaux. Une fois de retour dans son deuxi\u00e8me atelier chez elle, dans son village de Haute-Savoie, elle d\u00e9veloppe ses aquarelles et lavis en laissant une grande place aux vides pour que ses peintures surgissent du blanc du papier. Sa d\u00e9marche, elle l&#8217;explique en quelques mots : \u00ab\u00a0<i>Je\u00a0ne cherche pas \u00e0 r\u00e9aliser une repr\u00e9sentation naturaliste de ce que je vois<\/i>,<i> mais \u00e0 traduire en image une attitude de contemplation<\/i>.\u00a0\u00bb<\/p>\n<p>128 pages, <span class=\"MuiTypography-root sc-bb6e17aa-0 fcctQv MuiTypography-body2\">122mm x 189mm<\/span><\/p>","protected":false},"excerpt":{"rendered":"<p>Les Alpes vues par Ji-Young Demol Park Un agenda qui invite chaque semaine \u00e0 contempler autrement les hauteurs, \u00e0 travers les aquarelles de l\u2019artiste Ji-Young Demol Park. L\u2019artiste sud-cor\u00e9enne Ji-Young Demol Park a deux ateliers. Le premier est immense puisqu\u2019il n\u2019est autre que les Alpes fran\u00e7aises et suisses\u00a0! Elle n\u2019arpente en effet jamais les massifs [&#8230;]\n","protected":false},"featured_media":186056,"template":"","meta":[],"product_brand":[],"product_cat":[21607,21580,21542],"product_tag":[],"class_list":["post-186055","product","type-product","status-publish","has-post-thumbnail","product_cat-kalender-posters","product_cat-kunst-kultur","product_cat-sachbuecher-dokumentationen","pa_autor-ji-young-demol-park","pa_erscheinungsjahr-27654","pa_region-frankreich","pa_region-schweiz","pa_sprache-fr","first","instock","taxable","shipping-taxable","purchasable","product-type-simple"],"_links":{"self":[{"href":"https:\/\/pizbube.ch\/en\/wp-json\/wp\/v2\/product\/186055","targetHints":{"allow":["GET"]}}],"collection":[{"href":"https:\/\/pizbube.ch\/en\/wp-json\/wp\/v2\/product"}],"about":[{"href":"https:\/\/pizbube.ch\/en\/wp-json\/wp\/v2\/types\/product"}],"wp:featuredmedia":[{"embeddable":true,"href":"https:\/\/pizbube.ch\/en\/wp-json\/wp\/v2\/media\/186056"}],"wp:attachment":[{"href":"https:\/\/pizbube.ch\/en\/wp-json\/wp\/v2\/media?parent=186055"}],"wp:term":[{"taxonomy":"product_brand","embeddable":true,"href":"https:\/\/pizbube.ch\/en\/wp-json\/wp\/v2\/product_brand?post=186055"},{"taxonomy":"product_cat","embeddable":true,"href":"https:\/\/pizbube.ch\/en\/wp-json\/wp\/v2\/product_cat?post=186055"},{"taxonomy":"product_tag","embeddable":true,"href":"https:\/\/pizbube.ch\/en\/wp-json\/wp\/v2\/product_tag?post=186055"}],"curies":[{"name":"wp","href":"https:\/\/api.w.org\/{rel}","templated":true}]}}

<p class="MuiTypography-root sc-bb6e17aa-0 jWRTvq MuiTypography-h6">Les Alpes vues par Ji-Young Demol Park</p>
<p>Un agenda qui invite chaque semaine à contempler autrement les hauteurs, à travers les aquarelles de l’artiste Ji-Young Demol Park.</p>
<p>L’artiste sud-coréenne Ji-Young Demol Park a deux ateliers. Le premier est immense puisqu’il n’est autre que les Alpes françaises et suisses ! Elle n’arpente en effet jamais les massifs alpins sans ses carnets à dessin et ses pinceaux. Une fois de retour dans son deuxième atelier chez elle, dans son village de Haute-Savoie, elle développe ses aquarelles et lavis en laissant une grande place aux vides pour que ses peintures surgissent du blanc du papier. Sa démarche, elle l&#8217;explique en quelques mots : « <i>Je ne cherche pas à réaliser une représentation naturaliste de ce que je vois</i>,<i> mais à traduire en image une attitude de contemplation</i>. »</p>
<p>128 pages, <span class="MuiTypography-root sc-bb6e17aa-0 fcctQv MuiTypography-body2">122mm x 189mm</span></p>

<p>Les Alpes vues par Ji-Young Demol Park Un agenda qui invite chaque semaine à contempler autrement les hauteurs, à travers les aquarelles de l’artiste Ji-Young Demol Park. L’artiste sud-coréenne Ji-Young Demol Park a deux ateliers. Le premier est immense puisqu’il n’est autre que les Alpes françaises et suisses ! Elle n’arpente en effet jamais les massifs [&#8230;]
